{"id":13,"date":"2026-03-10T17:56:24","date_gmt":"2026-03-10T16:56:24","guid":{"rendered":"https:\/\/new.farmaciacasines.es\/?page_id=13"},"modified":"2026-04-06T16:32:22","modified_gmt":"2026-04-06T14:32:22","slug":"inicio","status":"publish","type":"page","link":"https:\/\/farmaciacasines.es\/","title":{"rendered":"Farmacia Casines"},"content":{"rendered":"\n<figure itemscope itemtype=\"https:\/\/schema.org\/ImageObject\">\n\t\t\t\t<img decoding=\"async\" src=\"https:\/\/farmaciacasines.es\/wp-content\/uploads\/2026\/03\/304742720_538557831402110_344027416453443870_n.jpg\" alt=\"logo\" height=\"1448\" width=\"2048\" title=\"logo\" onerror=\"this.style.display='none'\" loading=\"lazy\" \/>\n\t<\/figure>\n<h2>\n\t\t\tFARMACIA<br \/>CASINES\t<\/h2>\n<h1>\n\t\t\tTu farmacia de confianza en Puerto Real, C\u00e1diz\t<\/h1>\n\t<p>Tu salud, nuestra prioridad cada d\u00eda.<\/p>\n<figure itemscope itemtype=\"https:\/\/schema.org\/ImageObject\">\n\t\t\t\t<img decoding=\"async\" src=\"https:\/\/farmaciacasines.es\/wp-content\/uploads\/2026\/03\/Trato-cercano.png\" alt=\"Trato cercano\" height=\"500\" width=\"500\" title=\"Trato cercano\" onerror=\"this.style.display='none'\" loading=\"lazy\" \/>\n\t<\/figure>\n<h3>\n\t\t\tTrato cercano\t<\/h3>\n<figure itemscope itemtype=\"https:\/\/schema.org\/ImageObject\">\n\t\t\t\t<img decoding=\"async\" src=\"https:\/\/farmaciacasines.es\/wp-content\/uploads\/2026\/03\/Servicios-farmaceuticos-asistenciales.png\" alt=\"Servicios farmac\u00e9uticos asistenciales\" height=\"500\" width=\"500\" title=\"Servicios farmac\u00e9uticos asistenciales\" onerror=\"this.style.display='none'\" loading=\"lazy\" \/>\n\t<\/figure>\n<h3>\n\t\t\tServicios<br \/>farmac\u00e9uticos<br \/>asistenciales\t<\/h3>\n<figure itemscope itemtype=\"https:\/\/schema.org\/ImageObject\">\n\t\t\t\t<img decoding=\"async\" src=\"https:\/\/farmaciacasines.es\/wp-content\/uploads\/2026\/03\/Atencion-personalizada.png\" alt=\"Atenci\u00f3n personalizada\" height=\"500\" width=\"500\" title=\"Atenci\u00f3n personalizada\" onerror=\"this.style.display='none'\" loading=\"lazy\" \/>\n\t<\/figure>\n<h3>\n\t\t\tAtenci\u00f3n<br \/>personalizada\t<\/h3>\n<figure itemscope itemtype=\"https:\/\/schema.org\/ImageObject\">\n\t\t\t\t<img decoding=\"async\" src=\"https:\/\/farmaciacasines.es\/wp-content\/uploads\/2026\/03\/Cuidado-integral-de-la-salud.png\" alt=\"Cuidado integral de la salud\" height=\"500\" width=\"500\" title=\"Cuidado integral de la salud\" onerror=\"this.style.display='none'\" loading=\"lazy\" \/>\n\t<\/figure>\n<h3>\n\t\t\tCuidado integral de la salud\t<\/h3>\n\t\n<h2>\n\t\t\tServicios farmac\u00e9uticos en Puerto Real\t<\/h2>\n\t<p>En nuestra <strong data-start=\"1497\" data-end=\"1532\">farmacia en Puerto Real (C\u00e1diz)<\/strong> ofrecemos un servicio farmac\u00e9utico cercano y profesional, orientado al cuidado integral de la salud. Nuestro equipo de farmac\u00e9uticos te asesora de forma personalizada en medicamentos, dermocosm\u00e9tica, control de tensi\u00f3n arterial o revisi\u00f3n de tratamientos.<\/p>\n<p>Si buscas una <strong data-start=\"1803\" data-end=\"1843\">farmacia de confianza en Puerto Real<\/strong>, estamos aqu\u00ed para ayudarte a mejorar tu bienestar con atenci\u00f3n experta y productos de primeras marcas.<\/p>\n<figure itemscope itemtype=\"https:\/\/schema.org\/ImageObject\">\n\t\t\t\t<img decoding=\"async\" src=\"https:\/\/farmaciacasines.es\/wp-content\/uploads\/2026\/03\/fachaada-casines-home.png\" alt=\"fachaada casines home\" height=\"382\" width=\"680\" title=\"fachaada casines home\" onerror=\"this.style.display='none'\" loading=\"lazy\" \/>\n\t<\/figure>\n\t<iframe src=\"https:\/\/www.google.com\/maps\/embed\/v1\/place?q=Avda.+14+de+Abril%2C+40%0A11510.+Puerto+Real.+%28C%C3%A1diz%29.&#038;key=AIzaSyD09zQ9PNDNNy9TadMuzRV_UsPUoWKntt8\" aria-hidden=\"true\"><\/iframe>\n<h2>\n\t\t\tD\u00f3nde estamos\t<\/h2>\n\t<h4>Farmacia Casines<\/h4>\nAvda. 14 de Abril, 40<br \/>\n11510. Puerto Real (C\u00e1diz)\n\t\t\t<a href=\"\"  target=\"_self\">\n\t\t\t\t\t\t956 567 400\n\t\t\t\t\t<\/a>\n<figure itemscope itemtype=\"https:\/\/schema.org\/ImageObject\">\n\t\t\t\t<img decoding=\"async\" src=\"https:\/\/farmaciacasines.es\/wp-content\/uploads\/2026\/03\/logo_sigre.jpeg\" alt=\"logo_sigre\" height=\"1002\" width=\"975\" title=\"logo_sigre\" onerror=\"this.style.display='none'\" loading=\"lazy\" \/>\n\t<\/figure>\n\t<p>Recicla tus medicamentos en nuestra punto de recogida ecol\u00f3gico Sigre.<\/p>\n\n","protected":false},"excerpt":{"rendered":"<p>FARMACIACASINES Tu farmacia de confianza en Puerto Real, C\u00e1diz Tu salud, nuestra prioridad cada d\u00eda. Trato cercano Serviciosfarmac\u00e9uticosasistenciales Atenci\u00f3npersonalizada Cuidado integral de la salud Servicios farmac\u00e9uticos en Puerto Real En nuestra farmacia en Puerto Real (C\u00e1diz) ofrecemos un servicio farmac\u00e9utico cercano y profesional, orientado al cuidado integral de la salud. Nuestro equipo de farmac\u00e9uticos te&hellip;<\/p>\n","protected":false},"author":1,"featured_media":0,"parent":0,"menu_order":0,"comment_status":"closed","ping_status":"closed","template":"","meta":{"footnotes":""},"class_list":["post-13","page","type-page","status-publish","hentry"],"yoast_head":"<!-- This site is optimized with the Yoast SEO plugin v27.3 - https:\/\/yoast.com\/product\/yoast-seo-wordpress\/ -->\n<title>Farmacia Casines - Farmacia Casines<\/title>\n<meta name=\"robots\" content=\"index, follow, max-snippet:-1, max-image-preview:large, max-video-preview:-1\" \/>\n<link rel=\"canonical\" href=\"https:\/\/farmaciacasines.es\/\" \/>\n<meta property=\"og:locale\" content=\"es_ES\" \/>\n<meta property=\"og:type\" content=\"article\" \/>\n<meta property=\"og:title\" content=\"Farmacia Casines - Farmacia Casines\" \/>\n<meta property=\"og:description\" content=\"FARMACIACASINES Tu farmacia de confianza en Puerto Real, C\u00e1diz Tu salud, nuestra prioridad cada d\u00eda. Trato cercano Serviciosfarmac\u00e9uticosasistenciales Atenci\u00f3npersonalizada Cuidado integral de la salud Servicios farmac\u00e9uticos en Puerto Real En nuestra farmacia en Puerto Real (C\u00e1diz) ofrecemos un servicio farmac\u00e9utico cercano y profesional, orientado al cuidado integral de la salud. Nuestro equipo de farmac\u00e9uticos te&hellip;\" \/>\n<meta property=\"og:url\" content=\"https:\/\/farmaciacasines.es\/\" \/>\n<meta property=\"og:site_name\" content=\"Farmacia Casines\" \/>\n<meta property=\"article:modified_time\" content=\"2026-04-06T14:32:22+00:00\" \/>\n<meta property=\"og:image\" content=\"https:\/\/farmaciacasines.es\/wp-content\/uploads\/2026\/03\/304742720_538557831402110_344027416453443870_n.jpg\" \/>\n<meta name=\"twitter:card\" content=\"summary_large_image\" \/>\n<script type=\"application\/ld+json\" class=\"yoast-schema-graph\">{\"@context\":\"https:\\\/\\\/schema.org\",\"@graph\":[{\"@type\":\"WebPage\",\"@id\":\"https:\\\/\\\/farmaciacasines.es\\\/\",\"url\":\"https:\\\/\\\/farmaciacasines.es\\\/\",\"name\":\"Farmacia Casines - Farmacia Casines\",\"isPartOf\":{\"@id\":\"https:\\\/\\\/farmaciacasines.es\\\/#website\"},\"primaryImageOfPage\":{\"@id\":\"https:\\\/\\\/farmaciacasines.es\\\/#primaryimage\"},\"image\":{\"@id\":\"https:\\\/\\\/farmaciacasines.es\\\/#primaryimage\"},\"thumbnailUrl\":\"https:\\\/\\\/farmaciacasines.es\\\/wp-content\\\/uploads\\\/2026\\\/03\\\/304742720_538557831402110_344027416453443870_n.jpg\",\"datePublished\":\"2026-03-10T16:56:24+00:00\",\"dateModified\":\"2026-04-06T14:32:22+00:00\",\"breadcrumb\":{\"@id\":\"https:\\\/\\\/farmaciacasines.es\\\/#breadcrumb\"},\"inLanguage\":\"es\",\"potentialAction\":[{\"@type\":\"ReadAction\",\"target\":[\"https:\\\/\\\/farmaciacasines.es\\\/\"]}]},{\"@type\":\"ImageObject\",\"inLanguage\":\"es\",\"@id\":\"https:\\\/\\\/farmaciacasines.es\\\/#primaryimage\",\"url\":\"https:\\\/\\\/farmaciacasines.es\\\/wp-content\\\/uploads\\\/2026\\\/03\\\/304742720_538557831402110_344027416453443870_n.jpg\",\"contentUrl\":\"https:\\\/\\\/farmaciacasines.es\\\/wp-content\\\/uploads\\\/2026\\\/03\\\/304742720_538557831402110_344027416453443870_n.jpg\",\"width\":2048,\"height\":1448},{\"@type\":\"BreadcrumbList\",\"@id\":\"https:\\\/\\\/farmaciacasines.es\\\/#breadcrumb\",\"itemListElement\":[{\"@type\":\"ListItem\",\"position\":1,\"name\":\"Portada\",\"item\":\"https:\\\/\\\/farmaciacasines.es\\\/\"},{\"@type\":\"ListItem\",\"position\":2,\"name\":\"Farmacia Casines\"}]},{\"@type\":\"WebSite\",\"@id\":\"https:\\\/\\\/farmaciacasines.es\\\/#website\",\"url\":\"https:\\\/\\\/farmaciacasines.es\\\/\",\"name\":\"Farmacia Casines\",\"description\":\"Farmacia en Puerto Real\",\"potentialAction\":[{\"@type\":\"SearchAction\",\"target\":{\"@type\":\"EntryPoint\",\"urlTemplate\":\"https:\\\/\\\/farmaciacasines.es\\\/?s={search_term_string}\"},\"query-input\":{\"@type\":\"PropertyValueSpecification\",\"valueRequired\":true,\"valueName\":\"search_term_string\"}}],\"inLanguage\":\"es\"}]}<\/script>\n<!-- \/ Yoast SEO plugin. -->","yoast_head_json":{"title":"Farmacia Casines - Farmacia Casines","robots":{"index":"index","follow":"follow","max-snippet":"max-snippet:-1","max-image-preview":"max-image-preview:large","max-video-preview":"max-video-preview:-1"},"canonical":"https:\/\/farmaciacasines.es\/","og_locale":"es_ES","og_type":"article","og_title":"Farmacia Casines - Farmacia Casines","og_description":"FARMACIACASINES Tu farmacia de confianza en Puerto Real, C\u00e1diz Tu salud, nuestra prioridad cada d\u00eda. Trato cercano Serviciosfarmac\u00e9uticosasistenciales Atenci\u00f3npersonalizada Cuidado integral de la salud Servicios farmac\u00e9uticos en Puerto Real En nuestra farmacia en Puerto Real (C\u00e1diz) ofrecemos un servicio farmac\u00e9utico cercano y profesional, orientado al cuidado integral de la salud. Nuestro equipo de farmac\u00e9uticos te&hellip;","og_url":"https:\/\/farmaciacasines.es\/","og_site_name":"Farmacia Casines","article_modified_time":"2026-04-06T14:32:22+00:00","og_image":[{"url":"https:\/\/farmaciacasines.es\/wp-content\/uploads\/2026\/03\/304742720_538557831402110_344027416453443870_n.jpg","type":"","width":"","height":""}],"twitter_card":"summary_large_image","schema":{"@context":"https:\/\/schema.org","@graph":[{"@type":"WebPage","@id":"https:\/\/farmaciacasines.es\/","url":"https:\/\/farmaciacasines.es\/","name":"Farmacia Casines - Farmacia Casines","isPartOf":{"@id":"https:\/\/farmaciacasines.es\/#website"},"primaryImageOfPage":{"@id":"https:\/\/farmaciacasines.es\/#primaryimage"},"image":{"@id":"https:\/\/farmaciacasines.es\/#primaryimage"},"thumbnailUrl":"https:\/\/farmaciacasines.es\/wp-content\/uploads\/2026\/03\/304742720_538557831402110_344027416453443870_n.jpg","datePublished":"2026-03-10T16:56:24+00:00","dateModified":"2026-04-06T14:32:22+00:00","breadcrumb":{"@id":"https:\/\/farmaciacasines.es\/#breadcrumb"},"inLanguage":"es","potentialAction":[{"@type":"ReadAction","target":["https:\/\/farmaciacasines.es\/"]}]},{"@type":"ImageObject","inLanguage":"es","@id":"https:\/\/farmaciacasines.es\/#primaryimage","url":"https:\/\/farmaciacasines.es\/wp-content\/uploads\/2026\/03\/304742720_538557831402110_344027416453443870_n.jpg","contentUrl":"https:\/\/farmaciacasines.es\/wp-content\/uploads\/2026\/03\/304742720_538557831402110_344027416453443870_n.jpg","width":2048,"height":1448},{"@type":"BreadcrumbList","@id":"https:\/\/farmaciacasines.es\/#breadcrumb","itemListElement":[{"@type":"ListItem","position":1,"name":"Portada","item":"https:\/\/farmaciacasines.es\/"},{"@type":"ListItem","position":2,"name":"Farmacia Casines"}]},{"@type":"WebSite","@id":"https:\/\/farmaciacasines.es\/#website","url":"https:\/\/farmaciacasines.es\/","name":"Farmacia Casines","description":"Farmacia en Puerto Real","potentialAction":[{"@type":"SearchAction","target":{"@type":"EntryPoint","urlTemplate":"https:\/\/farmaciacasines.es\/?s={search_term_string}"},"query-input":{"@type":"PropertyValueSpecification","valueRequired":true,"valueName":"search_term_string"}}],"inLanguage":"es"}]}},"_links":{"self":[{"href":"https:\/\/farmaciacasines.es\/index.php\/wp-json\/wp\/v2\/pages\/13","targetHints":{"allow":["GET"]}}],"collection":[{"href":"https:\/\/farmaciacasines.es\/index.php\/wp-json\/wp\/v2\/pages"}],"about":[{"href":"https:\/\/farmaciacasines.es\/index.php\/wp-json\/wp\/v2\/types\/page"}],"author":[{"embeddable":true,"href":"https:\/\/farmaciacasines.es\/index.php\/wp-json\/wp\/v2\/users\/1"}],"replies":[{"embeddable":true,"href":"https:\/\/farmaciacasines.es\/index.php\/wp-json\/wp\/v2\/comments?post=13"}],"version-history":[{"count":11,"href":"https:\/\/farmaciacasines.es\/index.php\/wp-json\/wp\/v2\/pages\/13\/revisions"}],"predecessor-version":[{"id":58,"href":"https:\/\/farmaciacasines.es\/index.php\/wp-json\/wp\/v2\/pages\/13\/revisions\/58"}],"wp:attachment":[{"href":"https:\/\/farmaciacasines.es\/index.php\/wp-json\/wp\/v2\/media?parent=13"}],"curies":[{"name":"wp","href":"https:\/\/api.w.org\/{rel}","templated":true}]}}